{"id":18886,"date":"2025-05-22T10:01:19","date_gmt":"2025-05-22T10:01:19","guid":{"rendered":"https:\/\/www.sinpeks.com\/rs\/p\/deljanin-trakasti-okretac-sena-20-m\/"},"modified":"2026-01-16T08:57:03","modified_gmt":"2026-01-16T08:57:03","slug":"deljanin-trakasti-okretac-sena-20-m","status":"publish","type":"product","link":"https:\/\/www.sinpeks.com\/rs\/p\/deljanin-trakasti-okretac-sena-20-m\/","title":{"rendered":"Deljanin trakasti okreta\u010d sena 2,0 m"},"content":{"rendered":"<p>Trakasti sakuplja\u010d i prevrta\u010d sena je oru\u0111e no\u0161enog tipa a priklju\u010duje se na traktore I i II kategorije koji raspola\u017eu sistemom vezivanja u tri ta\u010dke. Ram prevrta\u010da je izra\u0111en od lakih \u010deli\u010dnih cevi. Ceo sklop je dobro ukru\u0107en i oja\u010dan tako da je omogu\u0107en transport sakuplja\u010da i po najlo\u0161ijim poljskim putevima. Ka\u010denje trakastog sakuplja\u010da je tako re\u0161eno da omogu\u0107ava brzo i jednostavno priklju\u010divanje na podizni sistem traktora. Dve donje ta\u010dke prevrta\u010da su pomerljive tako da se mo\u017ee pode\u0161avati nagib celog sakuplja\u010da.<\/p>\n","protected":false},"excerpt":{"rendered":"<p>Trakasti sakuplja\u010d i prevrta\u010d sena je oru\u0111e no\u0161enog tipa a priklju\u010duje se na traktore I i II kategorije koji raspola\u017eu sistemom vezivanja u tri ta\u010dke. Ram prevrta\u010da je izra\u0111en od lakih \u010deli\u010dnih cevi. Ceo sklop je dobro ukru\u0107en i oja\u010dan tako da je omogu\u0107en transport sakuplja\u010da i po najlo\u0161ijim poljskim putevima. Ka\u010denje trakastog sakuplja\u010da je [&hellip;]<\/p>\n","protected":false},"featured_media":19100,"comment_status":"open","ping_status":"closed","template":"","meta":{"_acf_changed":false},"product_cat":[96],"product_tag":[],"class_list":{"0":"post-18886","1":"product","2":"type-product","3":"status-publish","4":"has-post-thumbnail","6":"product_cat-sakupljaci-sena","7":"product_shipping_class-ostale-kategorije-makedonija","8":"pa_b-fpm-deljanin","9":"pa_market-ba","10":"pa_market-mk","11":"pa_market-rs","12":"pa_min-snaga-traktora-25-ks","13":"pa_radna-sirina-200-cm","15":"first","16":"outofstock","17":"sale","18":"taxable","19":"shipping-taxable","20":"purchasable","21":"product-type-simple"},"acf":[],"seolaxy_ctr_woo_product_custom_meta_description_content":"","_links":{"self":[{"href":"https:\/\/www.sinpeks.com\/rs\/wp-json\/wp\/v2\/product\/18886","targetHints":{"allow":["GET"]}}],"collection":[{"href":"https:\/\/www.sinpeks.com\/rs\/wp-json\/wp\/v2\/product"}],"about":[{"href":"https:\/\/www.sinpeks.com\/rs\/wp-json\/wp\/v2\/types\/product"}],"replies":[{"embeddable":true,"href":"https:\/\/www.sinpeks.com\/rs\/wp-json\/wp\/v2\/comments?post=18886"}],"wp:featuredmedia":[{"embeddable":true,"href":"https:\/\/www.sinpeks.com\/rs\/wp-json\/wp\/v2\/media\/19100"}],"wp:attachment":[{"href":"https:\/\/www.sinpeks.com\/rs\/wp-json\/wp\/v2\/media?parent=18886"}],"wp:term":[{"taxonomy":"product_cat","embeddable":true,"href":"https:\/\/www.sinpeks.com\/rs\/wp-json\/wp\/v2\/product_cat?post=18886"},{"taxonomy":"product_tag","embeddable":true,"href":"https:\/\/www.sinpeks.com\/rs\/wp-json\/wp\/v2\/product_tag?post=18886"}],"curies":[{"name":"wp","href":"https:\/\/api.w.org\/{rel}","templated":true}]}}

Deljanin trakasti okretač sena 2,0 m

<p>Trakasti sakupljač i prevrtač sena je oruđe nošenog tipa a priključuje se na traktore I i II kategorije koji raspolažu sistemom vezivanja u tri tačke. Ram prevrtača je izrađen od lakih čeličnih cevi. Ceo sklop je dobro ukrućen i ojačan tako da je omogućen transport sakupljača i po najlošijim poljskim putevima. Kačenje trakastog sakupljača je tako rešeno da omogućava brzo i jednostavno priključivanje na podizni sistem traktora. Dve donje tačke prevrtača su pomerljive tako da se može podešavati nagib celog sakupljača.</p>

<p>Trakasti sakupljač i prevrtač sena je oruđe nošenog tipa a priključuje se na traktore I i II kategorije koji raspolažu sistemom vezivanja u tri tačke. Ram prevrtača je izrađen od lakih čeličnih cevi. Ceo sklop je dobro ukrućen i ojačan tako da je omogućen transport sakupljača i po najlošijim poljskim putevima. Kačenje trakastog sakupljača je [&hellip;]</p>
